 + -366)) + 1
2
Evaluate -4 + -11 + (4 - -7) + -14 + 7.
-11
Calculate 9 + -3 + (-24 - -30 - 12).
0
What is 2 - 0 - (-4 + -45 - -49)?
2
Calculate -911 + 902 + 0 + (22 - 1).
12
-5 + (-2 - (2 - 6)) + -3 + -5
-11
Evaluate -6 - ((9 - 1) + -3 + -1 + 3).
-13
Evaluate -8 + 12 - 16 - 10.
-22
Calculate -31 + 58 + -26 - (9 + 2 - 1).
-9
What is the value of -8 + 0 - (-2 - -7 - (10 - 6))?
-9
-5 - -19 - 3 - (1 - -4)
6
Calculate -28 + 36 + (11 - 31).
-12
What is the value of -4 - (-1 - (-2 + -11) - 18)?
2
Evaluate (-21 - -9 - (16 - 29)) + -27.
-26
Calculate -2 + -13 - (11 + 1 + -27 + 9).
-9
Evaluate 1 + 5 + -7 + -15 + 6.
-10
Evaluate 1 + 1 + (16 + -15 + -13 - 2).
-12
-40 - (-37 - -28 - 22)
-9
-3 - ((3 - -4 - 21) + 12 + -6)
5
Calculate 6 + -15 - (5 + (-4 - 14)).
4
Calculate 9 - (-11 + 17 + 3).
0
What is the value of 37 + -8 + (-3 + 1 - (-11 + 12))?
26
Calculate -10 + 19 + 11 + -2 + -15.
3
Calculate (-3 - -6) + (-34 - -19).
-12
Evaluate -335 + 322 - (0 + -11).
-2
Calculate (-12 - -3) + 3 + 6 + 5.
5
Evaluate 3 + 4 + (-10 - 7) + 2.
-8
Evaluate (-3 - (6 + 0)) + 3.
-6
5 - (-17 + 18 + -1 - -24)
-19
Calculate -9 + (6 - (-44 + 30)).
11
What is the value of (-4 - 0 - -9) + 12 + -10 + -8?
-1
What is the value of (12 - (10 + -20 + 26)) + 7?
3
What is 8 - 17 - (6 - 2)?
-13
What is -8 + -34 + (15 - -5)?
-22
What is the value of 27 + 2 - 13 - 14?
2
Evaluate -114 - -93 - -35 - (-1 - -1 - -8).
6
Evaluate -1 + 0 - 7 - (-10 - (-3 + 17)).
16
What is the value of -8 + -21 + 19 - (-1 - 14)?
5
-8 - (2 + 17 - (-34 + 35) - 10)
-16
Evaluate (-2 - 0) + 6 + (-4 - 1) + 9.
8
-5 + (5 + 9 - 1)
8
What is 4 - 7 - (0 + (4 - 3))?
-4
What is the value of -1 + -6 - (16 + (-9 - 11 - 3))?
0
Evaluate (20 - 0) + -13 + -6.
1
Evaluate -6 + (-3 - (-6 + -1 + 1)) + -13.
-16
What is the value of -445 - -463 - (3 - 0)?
15
What is the value of (3 + -30 - -5) + 6?
-16
What is the value of 0 + -15 + 131 + -109?
7
-1 + (-2 - (-3 + 0)) + 0 - 13
-13
What is the value of 2 - 12 - 6 - (-17 - -6) - -22?
17
(3 - 10 - (-31 - -24)) + 9
9
Calculate -18 + -3 - (8 + -47).
18
What is the value of 2 + 2 + (1 - 13 - 5)?
-13
Evaluate 5 - (-5 + (11 - 3) + 7).
-5
Evaluate (-26 - -40) + -19 + 3 + 5.
3
8 - (15 - (-15 + 18))
-4
352 + -353 + (0 - -2)
1
What is the value of 0 - (-14 + (-9 - -8))?
15
(0 - -27) + -9 + -8 + 4
14
What is -4 + -5 + (-18 - -6) + 19 - -4?
2
What is (93 - 97) + (1 - -2)?
-1
(49 - 60) + (-15 - 0) + 10
-16
What is -50 + 98 + -57 - (-27 + -1 + 0)?
19
0 + 0 + 12 + (148 - 171)
-11
What is the value of (-6 - (-2 - -4)) + -50 + 28 + 13?
-17
40 - (-5 + 29 - -50)
-34
9 - (4 + -3) - (-27 - -26)
9
Calculate (4 - (-15 + 3 - -9)) + -6.
1
What is (2 - 6 - -18 - 24) + -1?
-11
What is the value of 13 - (-9 - (0 + -8 + -6))?
8
Calculate 29 + (-61 + 29 - -26).
23
28 + 26 + -91 - -11
-26
What is the value of 3 + (9 - 15) + -9?
-12
-12 - (-2 + (-6 - -13) - 3)
-14
Evaluate (-27 - -28) + (-9 - (1 - -2)).
-11
What is the value of 4 + (-25 + 4 - -23)?
6
198 + -178 + (-14 - (-2 + -1))
9
Calculate -1 - ((5 - (4 - -1 - 8)) + -11).
2
What is -16 + 1 + 17 - (13 + 0 + -3)?
-8
What is the value of -56 + 3 - (-392 + 366)?
-27
(-23 - -23 - (15 + (2 - 1))) + 2
-14
What is the value of (-16 - (-94 + 75 + (0 - -10))) + 25?
18
Calculate 1 - 11 - (-21 + (42 - 31)).
0
Evaluate -13 + 37 + -43 + -1.
-20
Evaluate 69 - (28 + -3 - -16).
28
What is the value of 28 + -10 - (-11 + 3 + 3 - -2)?
21
Evaluate 7 + 1 + (-8 - -11) + (-22 - 1).
-12
What is the value of 21 + 1 + 13 + (-30 - -4)?
9
(-24 - -1) + (-14 + 19 - -1) + -2
-19
What is 3 + -3 + 33 + -28?
5
Evaluate -3 + 13 + -1 + (-22 - -17).
4
Evaluate -4 + (-9 - (-23 - -13)) + (6 - 0).
3
What is the value of -27 + (-13 + 9 - (0 + -7)) - -8?
-16
What is the value of 2 - (7 + -3 + (1 + 0 - -7))?
-10
-7 + (-16 - -21) + -8
-10
What is the value of -1 + (6 - 3) + -8 - (5 - 4)?
-7
Calculate -28 + 1 + 43 + -24 + -19.
-27
What is -5 + 0 + -2 - (-13 + -3)?
9
Evaluate -5 + 5 - (-248 - -271).
-23
13 + 1 + (-74 - (56 - 98))
-18
What is the value of -39 + -1 + (-5 - 16) + 31?
-30
Evaluate -33 - -1 - ((-16 - (-6 - 5)) + -5).
-22
What is the value of -3 - (16 - 15 - 0)?
-4
Calculate 1 + -3 + (97 - 119).
-24
Evaluate -37 - -30 - (-21 - (-2 + -5 + 5)).
12
What is the value of 1191 + -1188 + -1 + 11?
13
What is -3 - (1 + 6) - (10 - (11 - 3))?
-12
Evaluate 15 + -15 + 0 + 20 + (-5 - 0).
15
What is (18 + (16 - 12) - -5) + 1 + 0?
28
What is the value of 3 + -1 + 0 + -5 + 2 - 3?
-4
What is the value of -1 + -2 + -2 - 2 - (-175 + 171)?
-3
What is 146 - 155 - ((-1 - -1) + -6)?
-3
Calculate 23 + -16 + 2 - -10.
19
What is the value of 23 - 51 - -4 - (0 + (2 - -7))?
-33
What is 37 + (-20 - (8 + -6)) + 9?
24
Calculate (1 - -14) + 149 + -147.
17
What is the value of 1 - (23 - (-26 + 10 - -22))?
-16
Evaluate (54 - 40) + (2 - (-1 + (0 - 1))).
18
Calculate 6 + 3 + (-6 + 4 - 2).
5
What is the value of 14 - (12 - -3) - (2 - (3 - -8))?
8
15 + 0 + -7 + (4 - 2)
10
11 + (-7 - -9) - 37 - -14
-10
Evaluate -19 + 0 + (-1 - (15 - 6)) + 9.
-20
Evaluate 4 + (3 + -5 - 11) - (3 - 6).
-6
Evaluate 11 + (-13 + -4 - 1).
-7
Evaluate (-2 + -2 - -1) + 2 + -5.
-6
Evaluate (-7 - 1 - 1) + 10.
1
Evaluate (-7 - 1) + (-7 - (3 + -7)).
-11
What is 18 + 8 + -19 - (5 + 1)?
1
Evaluate (2 + 0 - (8 + -7)) + 13.
14
What is the value of -1 + -2 - (7 - 5 - (6 - 3))?
-2
Calculate 7 + (-28 - (11 - 20)).
-12
Calculate (-8 - (-4 - (-1 + 2))) + (13 - -5).
15
Evaluate 0 + 1 + -1 - (-59 + (124 - 64)).
-1
What is the value of -19 - (-1 + -11) - ((-1 - 5) + -1)?
0
Calculate -26 + 34 + (4 + 1 - -1).
14
What is -2 + -4 + (-6 + 8 - 5 - -3)?
-6
3 - (-7 + 7 + 10) - (8 + -5)
-10
What is the value of -128 + 144 + (-29 - -4)?
-9
Evaluate -4 + 0 - (-1 - (-2 + 10 + -7)).
-2
Calculate (-33 - (-2 + -39)) + -7 + -2 + 4.
3
29 - (-2 + 22 - 4) - 13
0
What is the value of (-1 - -3) + (-10 - -14) + -18?
-12
Evaluate 0 - -15 - (27 - 14).
2
Evaluate (-3 - -15 - (3 - -3)) + (-3 - 3).
0
Calculate -22 + (-12 - -8) + 11 + -17 - -4.
-28
29 + 21 - 45 - (23 + 2 + 0)
-20
What is 7 - (-30 + (-8 - -45))?
0
Evaluate 5 + (-16 - -24 - 14).
-1
Calculate 4 - (1 - 1) - (-8 + (8 - 12)).
16
Evaluate -10 + -4 + 66 + -3 + -15.
34
What is 0 - (-1 + -1 + 2) - 9?
-9
Evaluate 0 + 0 + (-26 - (-4 - -2)) + 7.
-17
1 - 0 - (-791 - -817)
-25
What is 30 - (-8 + (-15 - (-10 + -8)))?
35
Calculate -6 + 5 - (8 + -38).
29
What is 16 + -31 + 15 + 11?
11
Calculate 51 + -49 + 5 + -39 + 5.
-27
-4 - (14 - (1 + -2)) - -14
-5
Calculate (7 - 1) + -10 + 8 + -1.
3
Evaluate -7 - (2 + -1) - (4627 + -4627).
-8
Calculate -146 + 159 + 1 + (3 - 0).
17
What is the value of 12 + (7 - (-6 - -15)) + -33?
-23
What is the value of (1 - 32) + -353 + 372?
-12
What is -27 + 39 + -53 + 36?
-5
-5 + 1 + 2 + (13 - -2 - -1)
14
What is the value of 27 - (18 + -19 + 22)?
6
Calculate (-26 - (-16 + -21)) + 18.
29
Evaluate 6 + (17 - 23 - -12).
12
Evaluate 1 - (17 + -4 + 7) - (-7 - -1).
-13
Evaluate -12 - -23 - (-21 - (-19 - -12)).
25
Calculate 1 + (2 - -3) - (-511 + 522).
-5
What is 6 + (11 - 22 - 0) + 13 + 1?
9
What is the value of -6 + (5 - (4 - 1 - 3)) - -13?
12
(0 - 5) + (-11 + -3 - (17 + -26))
-10
What is the value of -5 + 10 + -19 - -19?
5
What is the value of (30 - -1) + 5 + 6 + (11 - 21)?
32
(-20 - (-6 + 10 + -30)) + (24 - 0)
30
What is the value of (0 - 0 - 1) + 42 + -55 + 9?
-5
What is the value of -311 + 336 + (-3 - (18 - 4))?
8
Evaluate 9 + -45 + 8 + 31.
3
What is the value of -13 - (26 - (89 - 41))?
9
Evaluate 41 + (9 - 48) - 30.
-28
What is the value of (33 - 70) + 8 - -5?
-24
Evaluate 11 - ((-1 - 9) + 25).
-4
What is the value of -1 - -14 - (-5 + 19)?
-1
Calculate 0 - (14 + (6 - (12 + -1))).
-9
What is the value of -21 - -1 - (47 - 32 - 25)?
-10
What is -7 + (-18 - 1) + 20?
-6
Evaluate 38 + -40 + (2 - -7) + (2 - 4).
5
What is the value of -5 + 8 + (-24 - (4 + -13)) + 13?
1
Evaluate 2 - 11 - (19 + (1 - (-3 - 0))).
-32
Calculate (15 - -1) + (9 - 8) + 2.
19
What is -11 + 3 + 8 + 4 + 1 + 1?
6
Calculate (300 - 258) + (-2 - 34).
6
What is the value of -14 - (-4 - -3 - (49 - 38))?
-2
What is the value of -12 + (-4 - -41) + -13?
12
What is the value of 28 + -65 + 31 + 29?
23
What is -6 + -9 + -10 + 9 + 2?
-14
Evaluate (-15 - -5) + (27 - 36) + 0 + 20.
1
Calculate (-25 - 1) + (65 - 61) + 0.
-22
Calculate (1 - 1 - (-29 + 30)) + 0 - 8.
-9
Evaluate 0 + -11 + (5 -